, 0*o - 2*p - 26 = -4*o. What is the remainder when j is divided by o?
3
Let r(x) = x**2 + 3*x - 8. What is the remainder when 19 is divided by r(-6)?
9
Let d(t) = -t**3 - 7*t**2 - 13*t + 18. Calculate the remainder when d(-7) is divided by 37.
35
Suppose -16*b + 48 = -992. Calculate the remainder when b is divided by 14.
9
Suppose -20 = -5*r + r. Calculate the remainder when 5 is divided by r.
0
Suppose 2 = y - w + 2*w, -5*y - 4 = -2*w. Suppose 18*p - 14*p - 172 = y. What is the remainder when p is divided by 11?
10
Suppose 65 = 2*a + p - 68, 0 = 2*a - p - 143. Suppose -3*i - 5*c = -0*i - a, -92 = -4*i + 3*c. Calculate the remainder when i is divided by 12.
11
Suppose -124*k + 127*k = 402. Calculate the remainder when k is divided by 27.
26
Let a = 19 + -11. Let t(p) = p**2 - p. Let h be t(0). Suppose h = -c - 4*c + 115. Calculate the remainder when c is divided by a.
7
Let u = 15 + -10. Let p(c) be the second derivative of -c**4/12 - 7*c**3/6 - 3*c**2/2 + c. Calculate the remainder when u is divided by p(-6).
2
Let o(v) = 2*v. Let n be o(7). Suppose -5*f = t - 9, 2*t - 5*t = 2*f - n. What is the remainder when (-1 - 0)*(f - 38) is divided by 13?
11
Suppose 6*m = 3*u + 4*m - 20, -2*u + 12 = -2*m. Calculate the remainder when u is divided by (1 + -6)*(2 + 12/(-4)).
3
Let o = 0 + 2. Let v be 1*(-3 + o)*-3. Let h = 17 - v. What is the remainder when 27 is divided by h?
13
Let w = 3 - -3. What is the remainder when 23 is divided by w?
5
Let x(s) = s**3 - 4*s**2 - 7*s + 4. Let q(m) = 4*m - 5. Let u be q(-6). Let b = -11 - u. Calculate the remainder when x(6) is divided by b.
16
Suppose 3 = 3*w - 30. Calculate the remainder when 32 is divided by w.
10
Suppose 2*b - 2*l = 8, 4*b + b - 26 = -l. What is the remainder when 14 is divided by b?
4
Let m(u) = u**2 + 3*u - 6. Let f(h) = -h + 13. What is the remainder when f(7) is divided by m(-5)?
2
Let x be 2/5 - 32/5. Suppose -2*l + 25 + 27 = 0. What is the remainder when l is divided by (-80)/(-6) + x/(-9)?
12
Let i(m) = 7*m - m**2 + m + m + 7. Let l(b) = -5*b - 12. Calculate the remainder when l(-5) is divided by i(9).
6
Let d(v) be the third derivative of -v**6/20 + v**5/60 + v**4/12 + v**3/6 - 2*v**2. Calculate the remainder when ((-10)/4)/(2/(-8)) is divided by d(-1).
4
Let p(l) = -l + 2. Let s be p(0). Suppose s*g = -0*g. Suppose g = y - 0 - 16. Calculate the remainder when 31 is divided by y.
15
Let j(w) = -5*w + 4. What is the remainder when 13 is divided by j(0)?
1
Let f(i) = i**3 + i**2 - 3*i + 2. Let v be f(2). Suppose 4*n - 3*n = -v. Let l = n - -13. Calculate the remainder when 8 is divided by l.
3
Let k(u) = 2*u**2 + 11*u + 9. Let y(w) = -9*w**2 - 3*w + 2. Let m be y(2). Let h = m + 56. What is the remainder when k(-7) is divided by h?
14
Let b(d) = -4*d**2 - 5*d. Let i(h) = h**2 + 1. Let n(m) = -b(m) - 3*i(m). What is the remainder when n(-6) is divided by 3?
0
Suppose 28 = -a + 3*a. Let r(f) = -f**3 - 9*f**2 - 9*f - 10. Let l be r(-8). Calculate the remainder when (-1)/((-3)/(-162)*l) is divided by a.
13
Suppose -2*c - 3*c - 10 = 0. Let d(q) = -q**3 - 4*q - 2. Calculate the remainder when d(-3) is divided by (c/(-1))/(4/26).
11
Let s(o) = 10*o - 1. Let f(y) = y**2 - 3*y - 3. Let z be f(4). Suppose -5*d + 4*m + 54 = -6, 3*d = m + 43. Calculate the remainder when d is divided by s(z).
7
Let q(b) = 3*b - 27. Calculate the remainder when q(12) is divided by 54/10 + (-4)/10.
4
Let z = -26 + 32. Let h(d) = -d - 2. Let g be h(-4). Let p = g + z. Calculate the remainder when 15 is divided by p.
7
Let w be (4 - 1)/((-27)/(-18)). Suppose s + 4*h = 4*s - 56, -w*h = 2*s - 28. What is the remainder when s is divided by 10?
6
Suppose -4*d - 8 = -5*d. Suppose 21 + d = k. What is the remainder when k is divided by 9/(-6)*96/(-9)?
13
Let w = 57 + -40. Calculate the remainder when (4572/16)/9 + 6/(-8) is divided by w.
14
Suppose -162 + 12 = -2*i. Calculate the remainder when i is divided by 19.
18
Suppose 197 = 5*s - 833. Let r = s + -98. Suppose -3*t + r = t. Calculate the remainder when t is divided by 14.
13
Suppose 71 = 5*s - 4*p, -3 + 16 = s - 2*p. Calculate the remainder when 36 is divided by s.
6
Calculate the remainder when (-120)/(-2) + (10 - 14) is divided by 15.
11
Let g(f) = f**3 + 12*f**2 + 9*f - 15. What is the remainder when 32 is divided by g(-11)?
4
Let d(s) = 4*s**3 - 4*s**2 - 3*s + 3. What is the remainder when 19 is divided by d(2)?
6
Let y(f) = -f**3 + 7*f**2 + 5. Let a be y(7). Calculate the remainder when 1/5 - (-79)/a is divided by 88/14 + (-4)/14.
4
Let d = -19 - 15. Let z be 1 + (-3 + 5 - d). Suppose -z = 4*q - 113. What is the remainder when 55 is divided by q?
17
Suppose -4*t + 64 = 5*p, -p = -4*t + 5 + 35. What is the remainder when t is divided by (-4)/18 - 392/(-63)?
5
Let q be 2/(-4) + 30/4. Let f(g) = -g**3 + 6*g**2 + 11*g - 10. Let v(r) = -8*r - 4. Calculate the remainder when v(-7) is divided by f(q).
16
Suppose 0 = -y - 2*y - 12. Let h(k) = -k - 5. Let o be h(-7). What is the remainder when 45/2 + o/y is divided by 8?
6
Let a(q) = q + 5. Let g be a(0). Suppose 117 = 3*m + 4*b, -184 = -g*m - 2*b - b. What is the remainder when m is divided by 12?
11
Let o = 19 - 14. Suppose 2*d + o*v = 148, 5*d + 2*v - 237 = 133. Calculate the remainder when d is divided by 25.
24
Suppose -m + 2 = -0. Suppose -m = -b + 40. What is the remainder when b is divided by 15?
12
Suppose 0 = -2*b + 3*b - 3. Let i(d) = 6*d + 1. What is the remainder when i(b) is divided by 10?
9
Suppose -5*f = -3*g + 25 + 10, g - 13 = 3*f. Suppose -z + g = 4*z. What is the remainder when 3 is divided by z?
1
Let r(p) = p**3 - 10*p**2 - 8*p + 22. What is the remainder when r(11) is divided by 14?
13
Let c be 2/(-1)*(5 - 7). Suppose c*a - 5 = 5*z + 3, -a + z = -2. Suppose a*s - 35 = -3*s. What is the remainder when 12 is divided by s?
5
Let k(h) = 10*h - 3. Let c(l) = -l + 39. What is the remainder when c(-11) is divided by k(2)?
16
Let b = -3 + 13. Suppose t + 3*t = 0. Suppose t = 5*a - 103 - 37. What is the remainder when a is divided by b?
8
Suppose n + 3*l - 5 = -n, n + l = 4. What is the remainder when -33*1*2/(-6) is divided by n?
4
Let a be 2/6*(0 - -15). Let j(f) = 5 + a + f - 4. What is the remainder when 2 is divided by j(-5)?
0
Suppose -2*c - 248 = -4*c + 4*l, 3*l - 620 = -5*c. Let m = c - 89. Calculate the remainder when m is divided by 19.
16
Suppose 0 = 5*v - 21 - 9. What is the remainder when (-7)/(-2*2/16) is divided by v?
4
Let j be (-15)/6 + (-2)/4. Let m = 3 + j. Suppose m = k + 2*p - 1, 3*p + 1 + 5 = 0. Calculate the remainder when 13 is divided by k.
3
Let o be (0/(-3))/(-1 + 2). Suppose -4*z + o*x + 118 = -x, 4*z - 120 = 2*x. Suppose p - 1 = 3, -3*k = 4*p - 61. What is the remainder when z is divided by k?
14
Let t(u) = 12*u - 44. What is the remainder when t(18) is divided by 29?
27
Let v(z) = -z**3 - 9*z**2 + z - 3. Let a be v(-9). Let p be 8/a + 16/6. What is the remainder when 12 is divided by p/4*10 + 2?
5
Let d = -78 - -92. Let c(a) = -9 - 2*a - 2*a - 2*a. Calculate the remainder when c(-6) is divided by d.
13
Suppose -2*a - 73 = -387. Suppose 6*k - q - a = k, -k + 20 = -4*q. What is the remainder when k is divided by 17?
15
Suppose 0 = -i - 4*i + 10. Suppose -i*f - 24 = -6*f. Let p = 15 + -11. What is the remainder when f is divided by p?
2
Let g = 24 + -24. Suppose g = 5*u - 69 - 6. What is the remainder when (-5 - 1)/((-1)/7) is divided by u?
12
Suppose 4*k + 3*l - 237 = 0, 4*k + 81 = 2*l + 323. Let m = k - 20. What is the remainder when m is divided by 21?
19
Let y = -93 - -50. Let w = -30 - y. What is the remainder when 1/2*2*37 is divided by w?
11
Let g = -122 - -219. Calculate the remainder when g is divided by 25.
22
What is the remainder when 15 is divided by 3 - ((-9)/2)/(18/24)?
6
Let b = -6 + -10. Calculate the remainder when 16 is divided by b/(-2) + 1 + 0.
7
Let g(f) = f + 1. Let v(u) = u**3 - 7*u**2 - 19*u + 11. What is the remainder when g(4) is divided by v(9)?
1
Calculate the remainder when -3 - (4/(-1) - 6) is divided by 6.
1
Let g = 69 - 28. Calculate the remainder when g is divided by 2/(-6) + (-86)/(-6).
13
Calculate the remainder when (13/26)/(-1*(-1)/416) is divided by 30.
28
Let p = 224 + -129. Calculate the remainder when p is divided by 33.
29
Let g(f) be th